383*r + 7430741. Give s(28).
17
Let o(y) = -4696*y - 1573154. What is o(-335)?
6
Let y(b) = -10*b**2 + 105*b + 56. Give y(-2).
-194
Let v(o) = 470*o**2 + 1351*o - 1. What is v(-3)?
176
Let j(m) = -2*m**3 + 346*m**2 - 3257*m - 509. What is j(163)?
-20
Let i(g) = -691198*g - 691196. Determine i(-1).
2
Let n(j) = -81*j + 20946. Give n(231).
2235
Let o(c) = 4280*c**2 + 344*c - 338. What is o(1)?
4286
Let y(r) = -572*r + 9179. What is y(16)?
27
Let a(x) = 83*x**2 + 2450*x + 1302. Give a(-29).
55
Let h(g) = -24*g**2 + 1717*g - 3438. Calculate h(2).
-100
Let q(t) = -t**2 - 1031*t + 54056. Calculate q(50).
6
Let k(u) = -u**3 + 5860*u - 51990. What is k(9)?
21
Let u(y) = -3*y**2 + 66*y - 57. Give u(-3).
-282
Let y(a) = a**3 - 32*a**2 + 67*a + 2706. Give y(25).
6
Let h(a) = a**3 - 59*a**2 - 1353*a + 4633. What is h(76)?
-3
Let y(x) = 4*x**2 - 516*x + 15547. Calculate y(48).
-5
Let k(i) = -2*i**3 + 1249*i**2 - 5002*i - 35. Determine k(4).
-187
Let c(r) = 3359*r + 51444. Determine c(-15).
1059
Let x(r) = r**3 + 25*r**2 - 2021*r + 74. Calculate x(-59).
959
Let u(m) = 2*m**3 + 53*m**2 - 317*m - 6887. What is u(-27)?
943
Let b(u) = 54004*u + 485971. Give b(-9).
-65
Let c(a) = 4297*a - 98830. Determine c(23).
1
Let p(r) = -17*r + 702. What is p(-22)?
1076
Let s(d) = -12515*d - 988716. Give s(-79).
-31
Let v(w) = -w**3 + 16*w**2 + 344*w - 536. Give v(21).
4483
Let t(r) = -4665200*r - 8. Calculate t(0).
-8
Let q(w) = 1007*w - 19200. Give q(19).
-67
Let c(x) = -7*x**2 + 407*x - 5625. Calculate c(34).
121
Let n(g) = g**3 + 149*g**2 + 1640*g - 534. Give n(-137).
14
Let m(o) = -6*o**2 - 25383*o + 50771. Give m(2).
-19
Let n(m) = -89*m + 4380. What is n(52)?
-248
Let u(l) = 2*l**3 + 9*l**2 - 1022*l + 527. What is u(-25)?
452
Let o(q) = 2251*q**2 + 78790*q + 160. Calculate o(-35).
-15
Let v(b) = 5844*b + 128606. Determine v(-22).
38
Let i(c) = -2*c**2 + 7760*c + 23282. Give i(-3).
-16
Let y(m) = 2*m**3 + 83*m**2 + 150*m + 4130. What is y(-41)?
-339
Let u(o) = -3*o**3 + 72*o**2 - 72*o + 27. Calculate u(23).
-42
Let h(x) = -37021*x - 370243. What is h(-10)?
-33
Let t(j) = -3062*j + 174522. Calculate t(57).
-12
Let u(y) = -9*y**2 - 216*y - 1215. What is u(-7)?
-144
Let c(w) = -64*w**2 - 9*w - 65. Calculate c(-8).
-4089
Let p(v) = -1189665*v + 28551956. What is p(24)?
-4
Let y(t) = -997*t - 25183. Determine y(-26).
739
Let x(r) = -75*r**2 + 3676*r - 216. Determine x(49).
-167
Let z(r) = 968466*r - 22274703. Give z(23).
15
Let s(u) = -133863*u + 401592. What is s(3)?
3
Let s(z) = -1068814*z - 11756949. Determine s(-11).
5
Let y(q) = 13*q**3 + 3094*q**2 - 9376*q + 5528. What is y(-241)?
-15
Let u(p) = 2310*p**2 + 164*p + 163. What is u(-1)?
2309
Let j(x) = -44*x**3 - 19*x**2 + 51*x + 13. Give j(3).
-1193
Let c(j) = -2*j**3 + 42*j**2 - 137*j + 743. Determine c(18).
221
Let p(d) = 35*d**2 - 2404*d - 5755. What is p(71)?
-4
Let n(w) = -280*w + 29418. Give n(105).
18
Let c(l) = 2*l**2 + 243*l + 615. Determine c(-111).
-1716
Let p(t) = -t**3 + 124*t**2 - 2599*t + 1343. Give p(26).
17
Let k(x) = 2*x**2 + 140*x - 15. Give k(-73).
423
Let k(w) = w**3 + 143*w**2 - 1949*w + 1066. Calculate k(12).
-2
Let x(l) = -20*l**2 + 8485*l + 58158. What is x(431)?
-27
Let s(k) = 187*k**2 + 43944*k - 246. Calculate s(-235).
-11
Let o(p) = 3287*p - 52394. What is o(16)?
198
Let y(l) = l**3 + 424*l**2 + 502*l + 33458. Calculate y(-423).
41
Let j(x) = -922*x + 32800. Calculate j(35).
530
Let i(p) = 3*p**3 + 45*p**2 + 154*p + 64. Give i(-7).
162
Let w(m) = 84*m**2 - 12103*m + 984. Determine w(144).
-24
Let x(w) = -2*w**3 + 212*w**2 - 168*w - 4397. Calculate x(105).
13
Let w(s) = -13*s**3 + 92*s**2 + 5*s - 42. What is w(7)?
42
Let j(w) = 3010*w + 15076. Give j(-5).
26
Let r(p) = -p**2 + 152*p - 4838. Calculate r(103).
209
Let l(v) = 167*v**2 + 2500*v - 78. Calculate l(-15).
-3
Let j(s) = -37890*s + 871486. Calculate j(23).
16
Let n(q) = -1220*q**3 + 2*q**2 + 19*q + 18. What is n(-1)?
1221
Let m(d) = 3*d**3 + 357*d + 140. Determine m(0).
140
Let g(k) = -1670*k + 526066. Determine g(315).
16
Let r(h) = -3*h**3 + 145*h**2 - 864*h + 19. Give r(7).
47
Let c(t) = t**3 - 2*t**2 + 2766*t - 16741. Calculate c(6).
-1
Let b(k) = -1301*k + 64682. Determine b(51).
-1669
Let h(c) = 812*c + 47062. Give h(-58).
-34
Let h(j) = 4554*j + 1766952. Give h(-388).
0
Let g(l) = l**3 - 2*l**2 - 422*l + 10. Calculate g(20).
-1230
Let d(p) = 14*p**2 + 192*p + 134. Determine d(-23).
3124
Let w(y) = 2*y**3 - 118*y**2 - 116*y - 628. Calculate w(60).
-388
Let d(p) = -9*p**2 + 991*p - 133. What is d(110)?
-23
Let z(c) = c**3 + 13*c**2 + 10*c - 105. Give z(-9).
129
Let y(g) = 3509*g - 77183. Calculate y(22).
15
Let c(r) = 3*r**3 + 57*r**2 + 19*r + 365. What is c(-19)?
4
Let d(p) = 512*p + 11532. Calculate d(-24).
-756
Let v(k) = -7*k**3 + 107*k**2 + 145*k + 54. What is v(17)?
-949
Let j(n) = n**3 - 1998*n**2 - 60843*n + 6061. Calculate j(2028).
-23
Let f(o) = 4*o**3 + 3*o**2 - 95*o - 420. What is f(-4)?
-248
Let m(v) = -v**3 + 10*v**2 + 2581*v + 222. Determine m(-46).
-8
Let o(a) = 609*a + 80392. What is o(-132)?
4
Let j(r) = -147*r**2 - 26770*r - 29482. Give j(-181).
21
Let l(s) = -s**3 + 30*s**2 - 286*s + 847. Calculate l(14).
-21
Let l(t) = -180*t + 39434. Determine l(213).
1094
Let c(s) = 7*s**2 + 782*s - 11088. Determine c(13).
261
Let q(h) = -h**3 - 15*h**2 + 15*h + 244. Determine q(-5).
-81
Let x(s) = -s**3 - 5*s**2 - 123378*s - 616888. What is x(-5)?
2
Let c(v) = 2301*v + 1263319. What is c(-549)?
70
Let h(g) = 395*g**2 + 101911*g + 168. Give h(-258).
-90
Let p(v) = -v**2 + 376*v - 11147. Calculate p(32).
-139
Let u(q) = 18*q**2 + 2793*q - 59. Give u(0).
-59
Let r(s) = 6189*s + 1089270. What is r(-176)?
6
Let l(h) = -3878*h**2 + 11608*h + 84. What is l(3)?
6
Let a(v) = -v**3 - 5*v**2 + 701*v + 143. Give a(24).
263
Let g(x) = -16*x**2 + 9646*x + 98054. What is g(-10)?
-6
Let o(y) = 19*y**2 + 1937*y + 9724. What is o(-5)?
514
Let r(f) = -2*f**3 + 133*f**2 - 193*f - 111. Give r(65).
19
Let y(t) = -2*t**2 + 432*t + 71757. What is y(-110)?
37
Let i(k) = k**2 - 8502*k + 698791. Calculate i(83).
14
Let d(k) = -19*k**3 - 8*k**2 + 313*k + 945. What is d(-3)?
447
Let h(v) = 562*v**2 + 4355*v + 4353. Determine h(-1).
560
Let t(s) = -41619*s - 291337. Give t(-7).
-4
Let y(c) = -4*c**2 + 308*c - 5600. Determine y(48).
-32
Let q(p) = 39148*p - 430659. Calculate q(11).
-31
Let l(d) = -d**3 - 69*d**2 - 195*d + 217. Give l(-66).
19
Let d(s) = 40*s**2 + 1164*s - 41789. What is d(-50)?
11
Let s(k) = -23561*k - 2568161. Calculate s(-109).
-12
Let l(w) = 974926*w - 4. Determine l(0).
-4
Let y(s) = -2*s**3 + 38*s**2 - 387*s + 6320. Calculate y(18).
2
Let m(g) = 2*g**3 + 11*g**2 - 37*g - 185. What is m(-6)?
1
Let c(a) = -2*a**3 + 78*a**2 - 16*a + 660. Determine c(39).
36
Let x(f) = 99*f**2 - 916*f + 200. What is x(9)?
-25
Let r(f) = -274902*f + 8247109. Give r(30).
49
Let a(y) = 19*y**2 - 807*y + 3158. Give a(4).
234
Let b(m) = m**3 + 41*m**2 - 293*m + 334. What is b(-47)?
851
Let g(b) = -b**3 - 4*b**2 + 68*b + 266. Determine g(-9).
59
Let z(p) = 30793*p + 123203. Determine z(-4).
31
Let u(g) = -2*g**2 - 14749*g + 325448. What is u(22)?
2
Let y(u) = -4*u**2 + 392*u - 7910. Give y(25).
-610
Let k(s) = -s**2 + 13530*s + 176003. What is k(-13)?
-56
Let k(a) = -23121*a - 3444903. Determine k(-149).
126
Let v(p) = -26876*p + 671730. Calculate v(25).
-170
Let m(v) = 3956*v - 324597. Calculate m(82).
-205
Let k(u) = -51*u**2 + 2569*u - 32193. Determine k(27).
-9
Let z(f) = 141*f - 753. Give z(-13).
-2586
Let t(x) = -90302*x - 1173927. What is t(-13)?
-1
Let m(v) = v**3 - 55*v**2 + 106*v - 5835. Determine m(55).
-5
Let p(z) = -2*z**2 - 1016*z - 100726. Determine p(-373).
-16
Let z(o) = 59*o**2 - 14727*o + 23557. What is z(248)?
-3
Let l(b) = b**3 + 113*b**2 + 2712*b - 1070. Calculate l(-78).
334
Let h(t) = t**3 - 34*t**2 - 335*t + 1759. What is h(4)?
-61
Let z(o) = 3*o**3 - 52*o**2 + 88*o + 810. Determine z(-3).
-3
Let t(y) = -61769*y - 4200279. Calculate t(-68).
13
Let f(r) = 662*r + 44352. Give f(-67).
-2
Let g(q) = 2553*q + 202344. What is g(-79)?
657
Let m(g) = -2*g**2 + 969*g - 111461. Determine m(185).
-646
Let n(u) = -u**2 + 2134*u + 22. What is n(0)?
22
Let p(f) = -49341*f + 98660. Determine p(2).
-22
Let q(l) = 474*l - 7393. Calculate q(15).